, 2269
What are the prime factors of 1142738746?
2, 431, 929, 1427
What are the prime factors of 5100692?
2, 1275173
List the prime factors of 40292218.
2, 20146109
What are the prime factors of 44941935?
3, 5, 19, 71, 2221
List the prime factors of 806214838.
2, 11, 13, 216841
List the prime factors of 219714625.
5, 13, 135209
What are the prime factors of 80087521?
1427, 56123
What are the prime factors of 1142339387?
7, 311, 524731
List the prime factors of 609336432.
2, 3, 470167
List the prime factors of 112498011.
3, 4166593
List the prime factors of 71240829.
3, 11, 17, 126989
What are the prime factors of 343956066?
2, 3, 29, 1976759
List the prime factors of 939176281.
29, 3539, 9151
What are the prime factors of 621765702?
2, 3, 317, 108967
List the prime factors of 718636335.
3, 5, 19, 277, 9103
What are the prime factors of 513089681?
13, 23, 1301, 1319
What are the prime factors of 717995758?
2, 8069, 44491
List the prime factors of 2430925171.
31, 78416941
List the prime factors of 96927422.
2, 48463711
List the prime factors of 1123798903.
17389, 64627
What are the prime factors of 1136552753?
7, 162364679
What are the prime factors of 157484391?
3, 52494797
What are the prime factors of 68044521?
3, 3559, 6373
List the prime factors of 1512455991.
3, 241, 2091917
List the prime factors of 1340809584.
2, 3, 17, 607, 2707
List the prime factors of 90326775.
3, 5, 7, 11, 15641
List the prime factors of 46922304.
2, 3, 11, 13, 1709
List the prime factors of 2222627744.
2, 29, 47, 131, 389
What are the prime factors of 6489830138?
2, 11, 17, 61, 284467
What are the prime factors of 5038421757?
3, 37, 43, 1055609
What are the prime factors of 274228678?
2, 23, 53, 112481
List the prime factors of 93670680.
2, 3, 5, 17, 37, 73
List the prime factors of 7291964429.
31, 2011, 116969
List the prime factors of 3470160496.
2, 11, 17, 1159813
What are the prime factors of 361942850?
2, 5, 283, 25579
List the prime factors of 667445074.
2, 333722537
List the prime factors of 27126829.
31, 271, 3229
List the prime factors of 1909542408.
2, 3, 17, 19, 246329
List the prime factors of 291852523.
283, 1031281
What are the prime factors of 23327084?
2, 11, 151, 3511
What are the prime factors of 84832902?
2, 3, 7, 11, 97, 631
What are the prime factors of 36668127?
3, 12222709
List the prime factors of 2934937662.
2, 3, 489156277
What are the prime factors of 139429959?
3, 46476653
What are the prime factors of 2381968369?
11, 269, 73181
List the prime factors of 44582442.
2, 3, 1163, 6389
List the prime factors of 2477571678.
2, 3, 43, 1066999
What are the prime factors of 11601791?
11601791
What are the prime factors of 203000750?
2, 5, 19, 42737
What are the prime factors of 48090086?
2, 11, 2185913
List the prime factors of 112799337.
3, 7, 23, 409, 571
List the prime factors of 3758260627.
11, 8663, 39439
List the prime factors of 36455565.
3, 5, 17, 142963
List the prime factors of 1273425909.
3, 7, 60639329
List the prime factors of 15884937.
3, 263, 2237
List the prime factors of 2767678706.
2, 13, 8087, 13163
What are the prime factors of 45452750?
2, 5, 7, 19, 1367
List the prime factors of 965286679.
7, 313, 440569
What are the prime factors of 45885363?
3, 17, 31, 29023
List the prime factors of 33651818.
2, 1123, 14983
What are the prime factors of 2537352?
2, 3, 17, 691
List the prime factors of 3245132512.
2, 19, 5337389
What are the prime factors of 761943766?
2, 380971883
What are the prime factors of 935961488?
2, 7, 11, 759709
What are the prime factors of 1144182442?
2, 13, 43, 1023419
What are the prime factors of 78306778?
2, 11, 3559399
List the prime factors of 1204712862.
2, 3, 8837, 22721
List the prime factors of 1132872635.
5, 226574527
List the prime factors of 6884030174.
2, 7, 127, 3871783
What are the prime factors of 85849318?
2, 42924659
List the prime factors of 76845201.
3, 25615067
What are the prime factors of 59107007?
173, 341659
What are the prime factors of 2818201760?
2, 5, 11, 79, 20269
What are the prime factors of 162122026?
2, 11, 7369183
List the prime factors of 1089468304.
2, 71, 97, 9887
What are the prime factors of 32351510?
2, 5, 17, 47, 4049
What are the prime factors of 2289261518?
2, 10099, 113341
List the prime factors of 960894.
2, 3, 11, 23, 211
What are the prime factors of 127277410?
2, 5, 13, 37, 47, 563
What are the prime factors of 234407084?
2, 17, 1721, 2003
List the prime factors of 786264630.
2, 3, 5, 193, 229, 593
List the prime factors of 142133222.
2, 7, 11, 131849
What are the prime factors of 666677554?
2, 149, 743, 3011
List the prime factors of 568037778.
2, 3, 7, 11, 1229519
What are the prime factors of 111133752?
2, 3, 227, 20399
List the prime factors of 447218791.
43, 97, 179, 599
What are the prime factors of 827693673?
3, 179, 439, 3511
What are the prime factors of 3117288005?
5, 13, 241, 198997
What are the prime factors of 30759187?
30759187
List the prime factors of 88604237.
71, 1247947
What are the prime factors of 913429608?
2, 3, 7, 13, 83, 5039
What are the prime factors of 32923101?
3, 17, 229, 2819
List the prime factors of 31599146.
2, 239, 66107
List the prime factors of 1214275582.
2, 13, 173, 499, 541
What are the prime factors of 29901923?
29901923
List the prime factors of 79066958.
2, 39533479
What are the prime factors of 514441807?
11, 31, 1508627
What are the prime factors of 205281307?
7, 11, 17, 156823
What are the prime factors of 37768403?
83, 127, 3583
List the prime factors of 884972155.
5, 223, 547, 1451
What are the prime factors of 195771833?
877, 223229
What are the prime factors of 56194492?
2, 191, 73553
What are the prime factors of 320410794?
2, 3, 11, 19, 255511
List the prime factors of 46161013.
19, 2429527
What are the prime factors of 4062046300?
2, 5, 13, 17, 41, 4483
List the prime factors of 4635659012.
2, 71, 79, 107, 1931
List the prime factors of 404454244.
2, 101113561
List the prime factors of 2140154420.
2, 5, 71, 563, 2677
What are the prime factors of 861212065?
5, 7, 24606059
List the prime factors of 27220462.
2, 43, 307, 1031
List the prime factors of 834149056.
2, 13, 1002583
List the prime factors of 350253959.
11, 23, 1384403
What are the prime factors of 11900651?
7, 499, 3407
List the prime factors of 732600156.
2, 3, 61050013
List the prime factors of 44872187.
113, 397099
List the prime factors of 3025927655.
5, 605185531
What are the prime factors of 139244597?
19, 47, 211, 739
What are the prime factors of 110463365?
5, 17, 23, 56503
What are the prime factors of 91972086?
2, 3, 1213, 12637
List the prime factors of 5409390702.
2, 3, 563, 1601359
What are the prime factors of 30713389?
7, 883, 4969
List the prime factors of 47063297.
37, 59, 21559
List the prime factors of 112593623.
47, 97, 24697
What are the prime factors of 273561089?
29, 1009, 9349
What are the prime factors of 270154942?
2, 1319, 102409
List the prime factors of 498958809.
3, 2531, 65713
List the prime factors of 34568405.
5, 757, 9133
What are the prime factors of 57789364?
2, 14447341
What are the prime factors of 445938899?
7, 251, 353, 719
What are the prime factors of 244333837?
11, 3299, 6733
List the prime factors of 124124492.
2, 19, 37, 1193
List the prime factors of 59269290.
2, 3, 5, 103, 19181
What are the prime factors of 197202855?
3, 5, 71, 185167
List the prime factors of 1420584147.
3, 11447, 13789
What are the prime factors of 2957821871?
5231, 565441
List the prime factors of 547479559.
11, 53, 79, 11887
List the prime factors of 448700995.
5, 211, 425309
List the prime factors of 243603587.
3469, 70223
What are the prime factors of 36663496?
2, 179, 25603
List the prime factors of 2240440687.
37, 379, 159769
What are the prime factors of 3978180?
2, 3, 5, 53, 139
List the prime factors of 313547846.
2, 647, 242309
What are the prime factors of 452579237?
11, 1319, 31193
What are the prime factors of 1633924266?
2, 3, 13, 19, 58027
List the prime factors of 151897358.
2, 37, 337, 6091
What are the prime factors of 70684755?
3, 5, 4712317
What are the prime factors of 152863443?
3, 139, 13577
List the prime factors of 432038480.
2, 5, 683, 7907
List the prime factors of 42703570.
2, 5, 7, 13, 167, 281
List th